NOAA Climate Reports

Select a Year or Month report
2018 > Jan Feb Mar Apr May Jun Jul Aug Sep Oct Nov Dec
2017 > Jan Feb Mar Apr May Jun Jul Aug Sep Oct Nov Dec
2016 > Jan Feb Mar Apr May Jun Jul Aug Sep Oct Nov Dec
2015 > Jan Feb Mar Apr May Jun Jul Aug Sep Oct Nov Dec

Report for 2018 Feb
                   Monthly Climatological Summary for Feb 2018

Name: Iwanui   City: Waitara, Taranaki.   State: New Zealand
Elevation: 19 m  Lat: S 39 00' 49"   Lon: E 174 25' 46"

                  Temperature (C), Rain (mm), Wind Speed (km/h)

                                      Heat  Cool        Avg
    Mean                              Deg   Deg         Wind                 Dom
Day Temp  High   Time   Low    Time   Days  Days  Rain  Speed High   Time    Dir
----------------------------------------------------------------------------------
 1  21.0  23.2   08:55  18.7   20:23   0.0   2.7  20.7  19.6  61.2   09:31     N
 2  20.6  24.7   11:32  14.8   23:59   0.3   2.6   0.6   8.4  34.2   10:37     W
 3  19.2  25.3   16:19  13.8   23:55   1.4   2.2   0.0   9.2  35.6   11:51   SSE
 4  18.7  25.8   15:05  10.5   06:00   2.3   2.7   0.6   5.9  20.9   01:23   WSW
 5  19.7  25.7   12:06  13.5   00:10   1.1   2.6   0.3   5.9  35.6   16:46     W
 6  20.7  25.8   16:04  13.5   23:57   0.5   3.0   0.3   8.7  39.2   14:31   WSW
 7  18.9  28.7   17:18  11.1   03:35   2.1   2.7   0.0   3.9  20.9   11:51    SE
 8  20.8  26.7   15:25  15.7   07:15   0.5   2.9   0.0   5.1  20.9   11:02     N
 9  19.2  26.7   13:08  13.1   05:43   1.4   2.4   0.9   3.1  19.4   12:05   SSE
10  21.0  25.8   14:48  17.9   04:39   0.0   2.8   3.0   3.1  14.8   15:24   ESE
11  22.6  25.2   11:15  20.8   01:39   0.0   4.3  25.2   8.8  33.1   20:42   NNE
12  23.4  27.9   16:58  20.4   23:45   0.0   5.1   0.0   7.6  27.0   10:11     N
13  22.6  26.7   08:30  20.6   23:50   0.0   4.3   0.9   3.6  17.3   11:26   NNW
14  21.8  27.8   16:00  15.3   23:39   0.2   3.6   0.3   4.1  27.0   14:16     W
15  20.2  26.9   09:30  13.1   03:07   1.5   3.4   0.0   4.1  25.6   13:24   WNW
16  20.9  27.4   16:33  15.2   03:51   0.7   3.3   0.0   3.5  19.4   15:12   NNW
17  20.5  26.6   13:10  15.7   02:35   0.6   2.8   6.9   4.0  27.0   15:52   NNW
18  22.2  27.9   16:44  18.2   07:08   0.0   3.9   2.1   3.7  22.0   12:14    NW
19  21.4  29.0   09:20  15.7   05:58   0.1   3.3  18.0   3.8  27.0   21:53     N
20  22.5  25.7   13:52  20.2   23:12   0.0   4.2   3.6  19.9  80.6   18:25     N
21  20.9  24.5   13:39  17.8   17:55   0.0   2.6   0.6  12.9  36.7   00:00   WNW
22  19.5  26.7   14:44  15.2   23:08   0.7   1.9   5.4   9.2  40.3   01:42     W
23  18.7  25.8   12:10  12.3   06:29   2.0   2.5   0.0   6.3  31.7   15:11    SW
24  18.5  25.7   13:07  11.6   04:16   2.3   2.5   0.0   5.0  28.1   14:33     W
----------------------------------------------------------------------------------
    20.6  29.0    19    10.5     4    17.7  74.3  89.4   7.1  80.6    20      NW

Max >=  27.0:  6
Max <=   0.0:  0
Min <=   0.0:  0
Min <= -18.0:  0
Max Rain: 25.2 on day 11
Days of Rain: 16 (>= 0.2 mm)  8 (>= 2.0 mm)  2 (>= 20.0 mm)
Heat Base: 18.3  Cool Base: 18.3  Method: Integration